{"id":21323,"date":"2024-06-21T13:36:06","date_gmt":"2024-06-21T11:36:06","guid":{"rendered":"https:\/\/grupomassiva.umh.es\/?post_type=project&#038;p=21323"},"modified":"2024-06-21T13:36:06","modified_gmt":"2024-06-21T11:36:06","slug":"arte-y-cine-movimientos-artisticos-y-cinematograficos-tras-1945","status":"publish","type":"project","link":"https:\/\/grupomassiva.umh.es\/en\/project\/arte-y-cine-movimientos-artisticos-y-cinematograficos-tras-1945\/","title":{"rendered":"<span lang=\"es\">(Espa\u00f1ol) Arte y Cine. Movimientos art\u00edsticos y cinematogr\u00e1ficos tras 1945<\/span>"},"content":{"rendered":"","protected":false},"excerpt":{"rendered":"","protected":false},"author":5001,"featured_media":0,"comment_status":"closed","ping_status":"closed","template":"","meta":{"_et_pb_use_builder":"","_et_pb_old_content":"","_et_gb_content_width":"","_links_to":"","_links_to_target":""},"project_category":[],"project_tag":[],"_links":{"self":[{"href":"https:\/\/grupomassiva.umh.es\/en\/wp-json\/wp\/v2\/project\/21323"}],"collection":[{"href":"https:\/\/grupomassiva.umh.es\/en\/wp-json\/wp\/v2\/project"}],"about":[{"href":"https:\/\/grupomassiva.umh.es\/en\/wp-json\/wp\/v2\/types\/project"}],"author":[{"embeddable":true,"href":"https:\/\/grupomassiva.umh.es\/en\/wp-json\/wp\/v2\/users\/5001"}],"replies":[{"embeddable":true,"href":"https:\/\/grupomassiva.umh.es\/en\/wp-json\/wp\/v2\/comments?post=21323"}],"version-history":[{"count":0,"href":"https:\/\/grupomassiva.umh.es\/en\/wp-json\/wp\/v2\/project\/21323\/revisions"}],"wp:attachment":[{"href":"https:\/\/grupomassiva.umh.es\/en\/wp-json\/wp\/v2\/media?parent=21323"}],"wp:term":[{"taxonomy":"project_category","embeddable":true,"href":"https:\/\/grupomassiva.umh.es\/en\/wp-json\/wp\/v2\/project_category?post=21323"},{"taxonomy":"project_tag","embeddable":true,"href":"https:\/\/grupomassiva.umh.es\/en\/wp-json\/wp\/v2\/project_tag?post=21323"}],"curies":[{"name":"wp","href":"https:\/\/api.w.org\/{rel}","templated":true}]}}

<span lang="es">(Español) Arte y Cine. Movimientos artísticos y cinematográficos tras 1945</span>
