{"id":21356,"date":"2024-06-21T13:39:15","date_gmt":"2024-06-21T11:39:15","guid":{"rendered":"https:\/\/grupomassiva.umh.es\/?post_type=project&#038;p=21356"},"modified":"2024-06-21T13:39:15","modified_gmt":"2024-06-21T11:39:15","slug":"seminario-internacional-de-grafica-visual-y-animacion","status":"publish","type":"project","link":"https:\/\/grupomassiva.umh.es\/en\/project\/seminario-internacional-de-grafica-visual-y-animacion\/","title":{"rendered":"<span lang=\"es\">(Espa\u00f1ol) Seminario Internacional de Gr\u00e1fica Visual y Animaci\u00f3n<\/span>"},"content":{"rendered":"","protected":false},"excerpt":{"rendered":"","protected":false},"author":5001,"featured_media":0,"comment_status":"closed","ping_status":"closed","template":"","meta":{"_et_pb_use_builder":"","_et_pb_old_content":"","_et_gb_content_width":"","_links_to":"","_links_to_target":""},"project_category":[],"project_tag":[],"_links":{"self":[{"href":"https:\/\/grupomassiva.umh.es\/en\/wp-json\/wp\/v2\/project\/21356"}],"collection":[{"href":"https:\/\/grupomassiva.umh.es\/en\/wp-json\/wp\/v2\/project"}],"about":[{"href":"https:\/\/grupomassiva.umh.es\/en\/wp-json\/wp\/v2\/types\/project"}],"author":[{"embeddable":true,"href":"https:\/\/grupomassiva.umh.es\/en\/wp-json\/wp\/v2\/users\/5001"}],"replies":[{"embeddable":true,"href":"https:\/\/grupomassiva.umh.es\/en\/wp-json\/wp\/v2\/comments?post=21356"}],"version-history":[{"count":0,"href":"https:\/\/grupomassiva.umh.es\/en\/wp-json\/wp\/v2\/project\/21356\/revisions"}],"wp:attachment":[{"href":"https:\/\/grupomassiva.umh.es\/en\/wp-json\/wp\/v2\/media?parent=21356"}],"wp:term":[{"taxonomy":"project_category","embeddable":true,"href":"https:\/\/grupomassiva.umh.es\/en\/wp-json\/wp\/v2\/project_category?post=21356"},{"taxonomy":"project_tag","embeddable":true,"href":"https:\/\/grupomassiva.umh.es\/en\/wp-json\/wp\/v2\/project_tag?post=21356"}],"curies":[{"name":"wp","href":"https:\/\/api.w.org\/{rel}","templated":true}]}}

<span lang="es">(Español) Seminario Internacional de Gráfica Visual y Animación</span>
